{"id":4741,"date":"2022-02-08T11:37:40","date_gmt":"2022-02-08T11:37:40","guid":{"rendered":"https:\/\/360logisticsservices.com\/?page_id=4741"},"modified":"2024-02-01T09:29:04","modified_gmt":"2024-02-01T08:29:04","slug":"nachhaltigkeit","status":"publish","type":"page","link":"https:\/\/360logisticsservices.com\/?page_id=4741&lang=de","title":{"rendered":"Sostenibilidad aleman"},"content":{"rendered":"\t\t<div data-elementor-type=\"wp-page\" data-elementor-id=\"4741\" class=\"elementor elementor-4741\" data-elementor-settings=\"{&quot;ha_cmc_init_switcher&quot;:&quot;no&quot;}\">\n\t\t\t\t\t\t<section data-particle_enable=\"false\" data-particle-mobile-disabled=\"false\" class=\"elementor-section elementor-top-section elementor-element elementor-element-eb6b543 elementor-section-content-middle elementor-section-height-min-height elementor-section-boxed elementor-section-height-default elementor-section-items-middle\" data-id=\"eb6b543\" data-element_type=\"section\" data-settings=\"{&quot;background_background&quot;:&quot;classic&quot;,&quot;_ha_eqh_enable&quot;:false}\">\n\t\t\t\t\t\t\t<div class=\"elementor-background-overlay\"><\/div>\n\t\t\t\t\t\t\t<div class=\"elementor-container elementor-column-gap-default\">\n\t\t\t\t\t<div class=\"elementor-column elementor-col-50 elementor-top-column elementor-element elementor-element-bbc3dfa\" data-id=\"bbc3dfa\" data-element_type=\"column\">\n\t\t\t<div class=\"elementor-widget-wrap elementor-element-populated\">\n\t\t\t\t\t\t<div class=\"elementor-element elementor-element-bdb943d premium-header-block animated-slow premium-lq__none premium-box-lq__none elementor-invisible elementor-widget elementor-widget-premium-addon-dual-header\" data-id=\"bdb943d\" data-element_type=\"widget\" data-settings=\"{&quot;_animation&quot;:&quot;fadeInUp&quot;}\" data-widget_type=\"premium-addon-dual-header.default\">\n\t\t\t\t<div class=\"elementor-widget-container\">\n\t\t\t\n\t\t<div class=\"elementor-widget-container\">\n\t\t<div class=\"premium-dual-header-wrapper\">\n\t\t\t\t<a href=\"https:\/\/360logisticsservices.com\/quienes-somos\/\">\n\t\t\t\t\t<h2 class=\"premium-dual-header-first-header \"><span class=\"premium-dual-header-first-span\">360 LOGISTICS SERVICES <\/span><span class=\"premium-dual-header-second-header \">NACHHALTIGKEIT<\/span><\/h2> \t\t\t\t<\/a>\n\t\t\t\t\t\t<\/div>\n\t\t<\/div>\n\n\t\t\t\t<\/div>\n\t\t\t\t<\/div>\n\t\t\t\t<div class=\"elementor-element elementor-element-3f953c7 animated-slow elementor-invisible elementor-widget elementor-widget-text-editor\" data-id=\"3f953c7\" data-element_type=\"widget\" data-settings=\"{&quot;_animation&quot;:&quot;fadeInUp&quot;}\" data-widget_type=\"text-editor.default\">\n\t\t\t\t<div class=\"elementor-widget-container\">\n\t\t\t\t\t\t\t<p>Bei GRUPO 360 CONSULTING PEOPLE sind wir der festen \u00dcberzeugung, dass wir als Unternehmen eine soziale Verantwortung tragen und in diesem Rahmen f\u00fcr eine nachhaltige Gesch\u00e4ftsentwicklung zu sorgen haben.\u00a0<\/p><p>\u00a0<\/p><p>Die Personen, die unserem Mitarbeiterteam angeh\u00f6ren, stellen f\u00fcr uns unseren h\u00f6chsten Wert dar. Aus diesem Grunde sind wir stets bestrebt, die Arbeitsbedingungen und damit gleichzeitig auch die Lebensqualit\u00e4t unserer Mitarbeiter zu verbessern, indem wir ein partizipatives Umfeld schaffen und die horizontale Kommunikation f\u00f6rdern.\u00a0<\/p><p>Diese Ma\u00dfnahmen tragen zur Entstehung eines optimalen Arbeitsklimas bei, das sich positiv auf das soziale Wohlbefinden, die Produktivit\u00e4t und die Wettbewerbsf\u00e4higkeit unserer Gesellschaft auswirkt.\u00a0 \u00a0\u00a0<\/p>\t\t\t\t\t\t<\/div>\n\t\t\t\t<\/div>\n\t\t\t\t\t<\/div>\n\t\t<\/div>\n\t\t\t\t<div class=\"elementor-column elementor-col-50 elementor-top-column elementor-element elementor-element-444073e elementor-hidden-phone\" data-id=\"444073e\" data-element_type=\"column\">\n\t\t\t<div class=\"elementor-widget-wrap\">\n\t\t\t\t\t\t\t<\/div>\n\t\t<\/div>\n\t\t\t\t\t<\/div>\n\t\t<\/section>\n\t\t\t\t<section data-particle_enable=\"false\" data-particle-mobile-disabled=\"false\" class=\"elementor-section elementor-top-section elementor-element elementor-element-5524cc6 elementor-section-content-middle elementor-section-boxed elementor-section-height-default elementor-section-height-default\" data-id=\"5524cc6\" data-element_type=\"section\" data-settings=\"{&quot;_ha_eqh_enable&quot;:false}\">\n\t\t\t\t\t\t<div class=\"elementor-container elementor-column-gap-narrow\">\n\t\t\t\t\t<div class=\"elementor-column elementor-col-33 elementor-top-column elementor-element elementor-element-599191e\" data-id=\"599191e\" data-element_type=\"column\">\n\t\t\t<div class=\"elementor-widget-wrap elementor-element-populated\">\n\t\t\t\t\t\t<div class=\"elementor-element elementor-element-e9fd3dc ha-css-transform-yes elementor-invisible elementor-widget elementor-widget-heading\" data-id=\"e9fd3dc\" data-element_type=\"widget\" data-settings=\"{&quot;_animation&quot;:&quot;fadeInUp&quot;}\" data-widget_type=\"heading.default\">\n\t\t\t\t<div class=\"elementor-widget-container\">\n\t\t\t<h3 class=\"elementor-heading-title elementor-size-default\">NCHHALTIGKEIT<\/h3>\t\t<\/div>\n\t\t\t\t<\/div>\n\t\t\t\t<div class=\"elementor-element elementor-element-9412404 elementor-invisible elementor-widget elementor-widget-heading\" data-id=\"9412404\" data-element_type=\"widget\" data-settings=\"{&quot;_animation&quot;:&quot;fadeInUp&quot;}\" data-widget_type=\"heading.default\">\n\t\t\t\t<div class=\"elementor-widget-container\">\n\t\t\t<h3 class=\"elementor-heading-title elementor-size-default\"><b>UNSER BEITRAG ZUR NACHHALTIGEN ENTWICKLUNG UND ZUM WOHLERGEHEN DER MENSCHEN  <\/b><\/h3>\t\t<\/div>\n\t\t\t\t<\/div>\n\t\t\t\t<div class=\"elementor-element elementor-element-fad30d0 elementor-widget-divider--view-line elementor-invisible elementor-widget elementor-widget-divider\" data-id=\"fad30d0\" data-element_type=\"widget\" data-settings=\"{&quot;_animation&quot;:&quot;fadeInUp&quot;}\" data-widget_type=\"divider.default\">\n\t\t\t\t<div class=\"elementor-widget-container\">\n\t\t\t\t\t<div class=\"elementor-divider\">\n\t\t\t<span class=\"elementor-divider-separator\">\n\t\t\t\t\t\t<\/span>\n\t\t<\/div>\n\t\t\t\t<\/div>\n\t\t\t\t<\/div>\n\t\t\t\t<div class=\"elementor-element elementor-element-bd05e7a elementor-invisible elementor-widget elementor-widget-text-editor\" data-id=\"bd05e7a\" data-element_type=\"widget\" data-settings=\"{&quot;_animation&quot;:&quot;fadeInUp&quot;}\" data-widget_type=\"text-editor.default\">\n\t\t\t\t<div class=\"elementor-widget-container\">\n\t\t\t\t\t\t\t<p>Bei GRUPO 360 CONSULTING PEOPLE arbeiten wir Tag f\u00fcr Tag daran, eine bessere Zukunft f\u00fcr alle zu erschaffen, vor allem aber f\u00fcr jene, die besonders auf fremde Hilfe angewiesen sind.\u00a0<\/p><p>Zu diesem Zweck leisten wir unsere Mitarbeit an verschiedenen sozialen Projekten, wie z.B. der Stiftung \u201e<a href=\"https:\/\/www.fundacionanavaldivia.org\/\" target=\"_blank\" rel=\"noopener\">Fundaci\u00f3n Ana Valdivia<\/a>\u201c, die um die Schaffung von M\u00f6glichkeiten und die Verbesserung des Umfelds von Kindern mit Gehirnl\u00e4hmung und die Unterst\u00fctzung ihrer Familien bem\u00fcht ist.\u00a0<\/p><p>Weil alle Menschen emotionale Unterst\u00fctzung brauchen, haben wir uns dazu entschlossen, verschiedenen kleinen und anonym wirkenden Vereinen, die eine solche Unterst\u00fctzung gew\u00e4hren, einen Teil unseres Gewinns zu spenden. Dar\u00fcber hinaus haben wir einen psychologischen Dienst in unserem Unternehmen eingerichtet, der unseren Angestellten und Kunden in jeder Situation, in der sie psychologische Hilfe ben\u00f6tigen, Beistand leisten kann.\u00a0<\/p><p>Wir legen Wert darauf, dass jeder Mensch die Chance erh\u00e4lt, seine Lebensumst\u00e4nde zu verbessern und bem\u00fchen uns daher, unsere Mitarbeiter und ihre Familien in ihren diesbez\u00fcglichen Bestrebungen zu unterst\u00fctzen.\u00a0<\/p>\t\t\t\t\t\t<\/div>\n\t\t\t\t<\/div>\n\t\t\t\t\t<\/div>\n\t\t<\/div>\n\t\t\t\t<div class=\"elementor-column elementor-col-66 elementor-top-column elementor-element elementor-element-217556b\" data-id=\"217556b\" data-element_type=\"column\">\n\t\t\t<div class=\"elementor-widget-wrap elementor-element-populated\">\n\t\t\t\t\t\t<div class=\"elementor-element elementor-element-e791d40 elementor-invisible elementor-widget elementor-widget-image\" data-id=\"e791d40\" data-element_type=\"widget\" data-settings=\"{&quot;_animation&quot;:&quot;fadeInUp&quot;}\" data-widget_type=\"image.default\">\n\t\t\t\t<div class=\"elementor-widget-container\">\n\t\t\t\t\t\t\t\t\t\t\t\t\t<img fetchpriority=\"high\" decoding=\"async\" width=\"772\" height=\"1080\" src=\"https:\/\/360logisticsservices.com\/wp-content\/uploads\/2021\/11\/ninos.jpg\" class=\"attachment-full size-full wp-image-4194\" alt=\"Sostenibilidad | Nachhaltigkeit | Sustainability\" srcset=\"https:\/\/360logisticsservices.com\/wp-content\/uploads\/2021\/11\/ninos.jpg 772w, https:\/\/360logisticsservices.com\/wp-content\/uploads\/2021\/11\/ninos-214x300.jpg 214w, https:\/\/360logisticsservices.com\/wp-content\/uploads\/2021\/11\/ninos-732x1024.jpg 732w, https:\/\/360logisticsservices.com\/wp-content\/uploads\/2021\/11\/ninos-768x1074.jpg 768w\" sizes=\"(max-width: 772px) 100vw, 772px\" \/>\t\t\t\t\t\t\t\t\t\t\t\t\t<\/div>\n\t\t\t\t<\/div>\n\t\t\t\t\t<\/div>\n\t\t<\/div>\n\t\t\t\t\t<\/div>\n\t\t<\/section>\n\t\t\t\t<section data-particle_enable=\"false\" data-particle-mobile-disabled=\"false\" class=\"elementor-section elementor-top-section elementor-element elementor-element-2da780f elementor-section-full_width elementor-section-height-default elementor-section-height-default\" data-id=\"2da780f\" data-element_type=\"section\" data-settings=\"{&quot;background_background&quot;:&quot;classic&quot;,&quot;_ha_eqh_enable&quot;:false}\">\n\t\t\t\t\t\t\t<div class=\"elementor-background-overlay\"><\/div>\n\t\t\t\t\t\t\t<div class=\"elementor-container elementor-column-gap-no\">\n\t\t\t\t\t<div class=\"elementor-column elementor-col-50 elementor-top-column elementor-element elementor-element-1d33100 elementor-hidden-phone\" data-id=\"1d33100\" data-element_type=\"column\">\n\t\t\t<div class=\"elementor-widget-wrap\">\n\t\t\t\t\t\t\t<\/div>\n\t\t<\/div>\n\t\t\t\t<div class=\"elementor-column elementor-col-50 elementor-top-column elementor-element elementor-element-85f85d6\" data-id=\"85f85d6\" data-element_type=\"column\" data-settings=\"{&quot;background_background&quot;:&quot;classic&quot;,&quot;background_motion_fx_motion_fx_scrolling&quot;:&quot;yes&quot;,&quot;background_motion_fx_opacity_effect&quot;:&quot;yes&quot;,&quot;background_motion_fx_opacity_level&quot;:{&quot;unit&quot;:&quot;px&quot;,&quot;size&quot;:1,&quot;sizes&quot;:[]},&quot;background_motion_fx_blur_effect&quot;:&quot;yes&quot;,&quot;background_motion_fx_blur_direction&quot;:&quot;in-out-in&quot;,&quot;background_motion_fx_blur_range&quot;:{&quot;unit&quot;:&quot;%&quot;,&quot;size&quot;:&quot;&quot;,&quot;sizes&quot;:{&quot;start&quot;:0,&quot;end&quot;:100}},&quot;motion_fx_motion_fx_scrolling&quot;:&quot;yes&quot;,&quot;background_motion_fx_opacity_direction&quot;:&quot;out-in&quot;,&quot;background_motion_fx_opacity_range&quot;:{&quot;unit&quot;:&quot;%&quot;,&quot;size&quot;:&quot;&quot;,&quot;sizes&quot;:{&quot;start&quot;:20,&quot;end&quot;:80}},&quot;background_motion_fx_blur_level&quot;:{&quot;unit&quot;:&quot;px&quot;,&quot;size&quot;:7,&quot;sizes&quot;:[]},&quot;background_motion_fx_devices&quot;:[&quot;desktop&quot;,&quot;tablet&quot;,&quot;mobile&quot;],&quot;motion_fx_devices&quot;:[&quot;desktop&quot;,&quot;tablet&quot;,&quot;mobile&quot;]}\">\n\t\t\t<div class=\"elementor-widget-wrap elementor-element-populated\">\n\t\t\t\t\t\t<div class=\"elementor-element elementor-element-c5da2ab elementor-invisible elementor-widget elementor-widget-text-editor\" data-id=\"c5da2ab\" data-element_type=\"widget\" data-settings=\"{&quot;_animation&quot;:&quot;fadeInUp&quot;}\" data-widget_type=\"text-editor.default\">\n\t\t\t\t<div class=\"elementor-widget-container\">\n\t\t\t\t\t\t\t<p>WIRTSCHAFTLICHES ENGAGEMENT<\/p>\t\t\t\t\t\t<\/div>\n\t\t\t\t<\/div>\n\t\t\t\t<div class=\"elementor-element elementor-element-21a250c elementor-invisible elementor-widget elementor-widget-heading\" data-id=\"21a250c\" data-element_type=\"widget\" data-settings=\"{&quot;_animation&quot;:&quot;fadeInUp&quot;}\" data-widget_type=\"heading.default\">\n\t\t\t\t<div class=\"elementor-widget-container\">\n\t\t\t<h3 class=\"elementor-heading-title elementor-size-default\">WIR UNTERST\u00dcTZEN DEN LOKALEN HANDEL<\/h3>\t\t<\/div>\n\t\t\t\t<\/div>\n\t\t\t\t<div class=\"elementor-element elementor-element-3485fda animated-slow elementor-widget-divider--view-line elementor-invisible elementor-widget elementor-widget-divider\" data-id=\"3485fda\" data-element_type=\"widget\" data-settings=\"{&quot;_animation&quot;:&quot;fadeInUp&quot;}\" data-widget_type=\"divider.default\">\n\t\t\t\t<div class=\"elementor-widget-container\">\n\t\t\t\t\t<div class=\"elementor-divider\">\n\t\t\t<span class=\"elementor-divider-separator\">\n\t\t\t\t\t\t<\/span>\n\t\t<\/div>\n\t\t\t\t<\/div>\n\t\t\t\t<\/div>\n\t\t\t\t<div class=\"elementor-element elementor-element-df99d59 animated-slow elementor-invisible elementor-widget elementor-widget-text-editor\" data-id=\"df99d59\" data-element_type=\"widget\" data-settings=\"{&quot;_animation&quot;:&quot;fadeInUp&quot;}\" data-widget_type=\"text-editor.default\">\n\t\t\t\t<div class=\"elementor-widget-container\">\n\t\t\t\t\t\t\t<p>\u00dcber GRUPO 360 CONSULTING PEOPLE und verschiedene Gesch\u00e4ftszweige unserer Gesellschaft haben wir mehrere Projekte zur Unterst\u00fctzung des lokalen Handels in unserer Umgebung ins Leben gerufen. \u00a0<\/p><p>Damit beabsichtigen wir, diesen Unternehmen zu einer verbesserten Sichtbarkeit zu verhelfen und f\u00fcr diese Kleinbetriebe zu jenen Verb\u00fcndeten zu werden, die sie so dringend ben\u00f6tigen. \u00a0\u00a0<\/p>\t\t\t\t\t\t<\/div>\n\t\t\t\t<\/div>\n\t\t\t\t\t<\/div>\n\t\t<\/div>\n\t\t\t\t\t<\/div>\n\t\t<\/section>\n\t\t\t\t<\/div>\n\t\t","protected":false},"excerpt":{"rendered":"<p>360 LOGISTICS SERVICES NACHHALTIGKEIT Bei GRUPO 360 CONSULTING PEOPLE sind wir der festen \u00dcberzeugung, dass wir als Unternehmen eine soziale Verantwortung tragen und in diesem Rahmen f\u00fcr eine nachhaltige Gesch\u00e4ftsentwicklung zu sorgen haben.\u00a0 \u00a0 Die Personen, die unserem Mitarbeiterteam angeh\u00f6ren, stellen f\u00fcr uns unseren h\u00f6chsten Wert dar. Aus diesem Grunde sind wir stets bestrebt, die [&hellip;]<\/p>\n","protected":false},"author":4,"featured_media":0,"parent":0,"menu_order":0,"comment_status":"closed","ping_status":"closed","template":"elementor_header_footer","meta":{"footnotes":""},"class_list":["post-4741","page","type-page","status-publish","hentry"],"lang":"de","translations":{"de":4741,"es":522,"en":5097},"pll_sync_post":[],"_links":{"self":[{"href":"https:\/\/360logisticsservices.com\/index.php?rest_route=\/wp\/v2\/pages\/4741","targetHints":{"allow":["GET"]}}],"collection":[{"href":"https:\/\/360logisticsservices.com\/index.php?rest_route=\/wp\/v2\/pages"}],"about":[{"href":"https:\/\/360logisticsservices.com\/index.php?rest_route=\/wp\/v2\/types\/page"}],"author":[{"embeddable":true,"href":"https:\/\/360logisticsservices.com\/index.php?rest_route=\/wp\/v2\/users\/4"}],"replies":[{"embeddable":true,"href":"https:\/\/360logisticsservices.com\/index.php?rest_route=%2Fwp%2Fv2%2Fcomments&post=4741"}],"version-history":[{"count":19,"href":"https:\/\/360logisticsservices.com\/index.php?rest_route=\/wp\/v2\/pages\/4741\/revisions"}],"predecessor-version":[{"id":5752,"href":"https:\/\/360logisticsservices.com\/index.php?rest_route=\/wp\/v2\/pages\/4741\/revisions\/5752"}],"wp:attachment":[{"href":"https:\/\/360logisticsservices.com\/index.php?rest_route=%2Fwp%2Fv2%2Fmedia&parent=4741"}],"curies":[{"name":"wp","href":"https:\/\/api.w.org\/{rel}","templated":true}]}}